{"id":14,"date":"2014-07-05T15:03:41","date_gmt":"2014-07-05T15:03:41","guid":{"rendered":"http:\/\/kiliman.hu\/?page_id=14"},"modified":"2025-03-06T14:54:49","modified_gmt":"2025-03-06T14:54:49","slug":"egyhazkozseg","status":"publish","type":"page","link":"https:\/\/kiliman.hu\/?page_id=14","title":{"rendered":"Egyh\u00e1zk\u00f6zs\u00e9g"},"content":{"rendered":"<p style=\"text-align: left;\">Ahogy Szent Istv\u00e1n kir\u00e1ly intelme sz\u00f3lt: &#8222;\u00c9p\u00edtsetek templomokat!&#8221;<\/p>\n<p style=\"text-align: left;\">Ezt a nemes felh\u00edv\u00e1st megfogadva, a lakoss\u00e1g elhivatotts\u00e1g\u00e1val \u00e9s a P\u00fcsp\u00f6ks\u00e9g seg\u00edts\u00e9g\u00e9vel 1994-ben meg\u00e9p\u00fclt a kilim\u00e1ni Nagyboldogasszony R\u00f3mai Katolikus templom (8774 Kilim\u00e1n, Pet\u0151fi u. 88.), melynek olt\u00e1rk\u00e9p\u00e9t K\u00e1rolyfi Zs\u00f3fia alkotta.<\/p>\n<p style=\"text-align: left;\">\u00a0\u00a0\u00a0\u00a0\u00a0\u00a0 <a href=\"https:\/\/kiliman.hu\/wp-content\/uploads\/2014\/08\/DSC01285.JPG\"><img loading=\"lazy\" decoding=\"async\" class=\"alignnone  wp-image-125\" src=\"https:\/\/kiliman.hu\/wp-content\/uploads\/2014\/08\/DSC01285-300x225.jpg\" alt=\"\" width=\"263\" height=\"197\" srcset=\"https:\/\/kiliman.hu\/wp-content\/uploads\/2014\/08\/DSC01285-300x225.jpg 300w, https:\/\/kiliman.hu\/wp-content\/uploads\/2014\/08\/DSC01285-250x187.jpg 250w, https:\/\/kiliman.hu\/wp-content\/uploads\/2014\/08\/DSC01285-160x120.jpg 160w, https:\/\/kiliman.hu\/wp-content\/uploads\/2014\/08\/DSC01285.JPG 1024w\" sizes=\"auto, (max-width: 263px) 100vw, 263px\" \/><\/a>\u00a0\u00a0\u00a0\u00a0\u00a0\u00a0\u00a0\u00a0\u00a0 <a href=\"https:\/\/kiliman.hu\/wp-content\/uploads\/2016\/01\/DSC05501-e1452260342904.jpg\"><img loading=\"lazy\" decoding=\"async\" class=\"alignnone wp-image-607\" src=\"https:\/\/kiliman.hu\/wp-content\/uploads\/2016\/01\/DSC05501-300x225.jpg\" alt=\"DSC05501\" width=\"260\" height=\"195\" \/><\/a><\/p>\n<p><strong>SZERTART\u00c1SREND:<\/strong><\/p>\n<p><strong>VAS\u00c1RNAP 08.00 \u00f3ra<\/strong><br \/>\nP\u00e1ros h\u00e9ten: igeliturgia<br \/>\nP\u00e1ratlan h\u00e9ten: szentmise<\/p>\n<p><strong>Pl\u00e9b\u00e1nos: Nikli Zsolt<\/strong><\/p>\n<p>Szentelve: 2002. j\u00fanius 22.<\/p>\n<p><strong>Pl\u00e9b\u00e1nia el\u00e9rhet\u0151s\u00e9gei:<\/strong><\/p>\n<p>Tel.: 30\/3042-751<\/p>\n<p>E -mail: gelseplebania@gmail.com<\/p>\n<p><strong>Egyh\u00e1zk\u00f6zs\u00e9gi tagok:<\/strong><\/p>\n<p>Pusztai Szabolcs, L\u00fcl\u00f6k B\u00e9la \u00e9s ifj. Horv\u00e1th L\u00e1szl\u00f3<\/p>\n<p align=\"left\"><span style=\"font-family: Monotype Corsiva,cursive;\"><span style=\"font-size: large;\"><span style=\"font-family: Liberation Serif,serif;\"><span style=\"font-size: medium;\">\u00a0<img loading=\"lazy\" decoding=\"async\" class=\"alignnone wp-image-1567\" src=\"https:\/\/kiliman.hu\/wp-content\/uploads\/2016\/04\/AirBrush_20160417095216-300x199.jpg\" alt=\"AirBrush_20160417095216\" width=\"241\" height=\"160\" \/><img loading=\"lazy\" decoding=\"async\" class=\"alignnone wp-image-1566\" src=\"https:\/\/kiliman.hu\/wp-content\/uploads\/2016\/04\/AirBrush_20160417095542-300x199.jpg\" alt=\"AirBrush_20160417095542\" width=\"240\" height=\"158\" \/><\/span><\/span><\/span><\/span><\/p>\n","protected":false},"excerpt":{"rendered":"<p>Ahogy Szent Istv\u00e1n kir\u00e1ly intelme sz\u00f3lt: &#8222;\u00c9p\u00edtsetek templomokat!&#8221; Ezt a nemes felh\u00edv\u00e1st megfogadva, a lakoss\u00e1g elhivatotts\u00e1g\u00e1val \u00e9s a P\u00fcsp\u00f6ks\u00e9g seg\u00edts\u00e9g\u00e9vel 1994-ben meg\u00e9p\u00fclt a kilim\u00e1ni Nagyboldogasszony R\u00f3mai Katolikus templom (8774 Kilim\u00e1n, Pet\u0151fi u. 88.), melynek olt\u00e1rk\u00e9p\u00e9t K\u00e1rolyfi Zs\u00f3fia alkotta. \u00a0\u00a0\u00a0\u00a0\u00a0\u00a0 \u00a0\u00a0\u00a0\u00a0\u00a0\u00a0\u00a0\u00a0\u00a0 SZERTART\u00c1SREND: VAS\u00c1RNAP 08.00 \u00f3ra P\u00e1ros h\u00e9ten: igeliturgia P\u00e1ratlan h\u00e9ten: szentmise Pl\u00e9b\u00e1nos: Nikli Zsolt Szentelve: 2002. [&hellip;]<\/p>\n","protected":false},"author":1,"featured_media":0,"parent":0,"menu_order":0,"comment_status":"open","ping_status":"closed","template":"","meta":{"footnotes":""},"class_list":["post-14","page","type-page","status-publish","hentry"],"_links":{"self":[{"href":"https:\/\/kiliman.hu\/index.php?rest_route=\/wp\/v2\/pages\/14","targetHints":{"allow":["GET"]}}],"collection":[{"href":"https:\/\/kiliman.hu\/index.php?rest_route=\/wp\/v2\/pages"}],"about":[{"href":"https:\/\/kiliman.hu\/index.php?rest_route=\/wp\/v2\/types\/page"}],"author":[{"embeddable":true,"href":"https:\/\/kiliman.hu\/index.php?rest_route=\/wp\/v2\/users\/1"}],"replies":[{"embeddable":true,"href":"https:\/\/kiliman.hu\/index.php?rest_route=%2Fwp%2Fv2%2Fcomments&post=14"}],"version-history":[{"count":27,"href":"https:\/\/kiliman.hu\/index.php?rest_route=\/wp\/v2\/pages\/14\/revisions"}],"predecessor-version":[{"id":20405,"href":"https:\/\/kiliman.hu\/index.php?rest_route=\/wp\/v2\/pages\/14\/revisions\/20405"}],"wp:attachment":[{"href":"https:\/\/kiliman.hu\/index.php?rest_route=%2Fwp%2Fv2%2Fmedia&parent=14"}],"curies":[{"name":"wp","href":"https:\/\/api.w.org\/{rel}","templated":true}]}}

Egyházközség

<p style="text-align: left;">Ahogy Szent István király intelme szólt: &#8222;Építsetek templomokat!&#8221;</p>
<p style="text-align: left;">Ezt a nemes felhívást megfogadva, a lakosság elhivatottságával és a Püspökség segítségével 1994-ben megépült a kilimáni Nagyboldogasszony Római Katolikus templom (8774 Kilimán, Petőfi u. 88.), melynek oltárképét Károlyfi Zsófia alkotta.</p>
<p style="text-align: left;">       <a href="https://kiliman.hu/wp-content/uploads/2014/08/DSC01285.JPG"><img loading="lazy" decoding="async" class="alignnone  wp-image-125" src="https://kiliman.hu/wp-content/uploads/2014/08/DSC01285-300x225.jpg" alt="" width="263" height="197" srcset="https://kiliman.hu/wp-content/uploads/2014/08/DSC01285-300x225.jpg 300w, https://kiliman.hu/wp-content/uploads/2014/08/DSC01285-250x187.jpg 250w, https://kiliman.hu/wp-content/uploads/2014/08/DSC01285-160x120.jpg 160w, https://kiliman.hu/wp-content/uploads/2014/08/DSC01285.JPG 1024w" sizes="auto, (max-width: 263px) 100vw, 263px" /></a>          <a href="https://kiliman.hu/wp-content/uploads/2016/01/DSC05501-e1452260342904.jpg"><img loading="lazy" decoding="async" class="alignnone wp-image-607" src="https://kiliman.hu/wp-content/uploads/2016/01/DSC05501-300x225.jpg" alt="DSC05501" width="260" height="195" /></a></p>
<p><strong>SZERTARTÁSREND:</strong></p>
<p><strong>VASÁRNAP 08.00 óra</strong><br />
Páros héten: igeliturgia<br />
Páratlan héten: szentmise</p>
<p><strong>Plébános: Nikli Zsolt</strong></p>
<p>Szentelve: 2002. június 22.</p>
<p><strong>Plébánia elérhetőségei:</strong></p>
<p>Tel.: 30/3042-751</p>
<p>E -mail: gelseplebania@gmail.com</p>
<p><strong>Egyházközségi tagok:</strong></p>
<p>Pusztai Szabolcs, Lülök Béla és ifj. Horváth László</p>
<p align="left"><span style="font-family: Monotype Corsiva,cursive;"><span style="font-size: large;"><span style="font-family: Liberation Serif,serif;"><span style="font-size: medium;"> <img loading="lazy" decoding="async" class="alignnone wp-image-1567" src="https://kiliman.hu/wp-content/uploads/2016/04/AirBrush_20160417095216-300x199.jpg" alt="AirBrush_20160417095216" width="241" height="160" /><img loading="lazy" decoding="async" class="alignnone wp-image-1566" src="https://kiliman.hu/wp-content/uploads/2016/04/AirBrush_20160417095542-300x199.jpg" alt="AirBrush_20160417095542" width="240" height="158" /></span></span></span></span></p>

<p>Ahogy Szent István király intelme szólt: &#8222;Építsetek templomokat!&#8221; Ezt a nemes felhívást megfogadva, a lakosság elhivatottságával és a Püspökség segítségével 1994-ben megépült a kilimáni Nagyboldogasszony Római Katolikus templom (8774 Kilimán, Petőfi u. 88.), melynek oltárképét Károlyfi Zsófia alkotta.                  SZERTARTÁSREND: VASÁRNAP 08.00 óra Páros héten: igeliturgia Páratlan héten: szentmise Plébános: Nikli Zsolt Szentelve: 2002. [&hellip;]</p>
